{"id":12723,"date":"2020-11-25T14:59:13","date_gmt":"2020-11-25T14:59:13","guid":{"rendered":"https:\/\/countydonegalfrs.ie\/castlefinnfrs\/?page_id=12723"},"modified":"2022-06-17T09:23:25","modified_gmt":"2022-06-17T09:23:25","slug":"baile","status":"publish","type":"page","link":"https:\/\/countydonegalfrs.ie\/castlefinnfrs\/index.php\/baile\/","title":{"rendered":"Baile"},"content":{"rendered":"\t\t<div data-elementor-type=\"wp-page\" data-elementor-id=\"12723\" class=\"elementor elementor-12723\" data-elementor-settings=\"[]\">\n\t\t\t\t\t\t<div class=\"elementor-inner\">\n\t\t\t\t\t\t\t<div class=\"elementor-section-wrap\">\n\t\t\t\t\t\t\t<section class=\"elementor-section elementor-top-section elementor-element elementor-element-4bcea2c elementor-section-boxed elementor-section-height-default elementor-section-height-default\" data-id=\"4bcea2c\" data-element_type=\"section\">\n\t\t\t\t\t\t<div class=\"elementor-container elementor-column-gap-default\">\n\t\t\t\t\t\t\t<div class=\"elementor-row\">\n\t\t\t\t\t<div class=\"elementor-column elementor-col-100 elementor-top-column elementor-element elementor-element-7e75b6d\" data-id=\"7e75b6d\" data-element_type=\"column\">\n\t\t\t<div class=\"elementor-column-wrap elementor-element-populated\">\n\t\t\t\t\t\t\t<div class=\"elementor-widget-wrap\">\n\t\t\t\t\t\t<div class=\"elementor-element elementor-element-43eda8e elementor-widget elementor-widget-text-editor\" data-id=\"43eda8e\" data-element_type=\"widget\" data-widget_type=\"text-editor.default\">\n\t\t\t\t<div class=\"elementor-widget-container\">\n\t\t\t\t\t<div class=\"elementor-text-editor elementor-clearfix\"><p><!-- wp:heading {\"align\":\"center\"} --><\/p><h2>Sc\u00e9im Faoisimh Tuilte Caisle\u00e1n Na Finne<\/h2><p><!-- \/wp:heading --><\/p><h2 style=\"text-align: center;\" role=\"textbox\" contenteditable=\"true\" aria-multiline=\"true\" aria-label=\"Write heading\u2026\">\u00a0<\/h2><p><script type=\"text\/javascript\">\r\ndocument.addEventListener(\"DOMContentLoaded\", function(event) { \r\n\tjQuery( '#slider-pro-3-12105' ).sliderPro({\r\n\t\t\/\/width\r\n\t\t\t\twidth: \"100%\",\r\n\t\t\t\t\r\n\t\t\/\/height\r\n\t\t\t\tautoHeight: true,\r\n\t\t\t\t\r\n\t\t\/\/autoplay\r\n\t\t\t\tautoplay:  true,\r\n\t\tautoplayOnHover: 'none',\r\n\t\t\t\t\t\t\t\tautoplayDelay: 5000,\r\n\t\t\r\n\t\t\r\n\t\tarrows: true,\r\n\t\tbuttons: true,\r\n\t\tsmallSize: 500,\r\n\t\tmediumSize: 1000,\r\n\t\tlargeSize: 3000,\r\n\t\tfade: true,\r\n\t\t\r\n\t\t\/\/thumbnail\r\n\t\tthumbnailArrows: true,\r\n\t\tthumbnailWidth: 120,\r\n\t\tthumbnailHeight: 120,\r\n\t\t\t\t\t\tthumbnailsPosition: 'bottom',\r\n\t\t\t\t\t\tcenterImage: true,\r\n\t\timageScaleMode: 'cover',\r\n\t\tallowScaleUp: true,\r\n\t\t\t\tstartSlide: 0,\r\n\t\tloop: true,\r\n\t\tslideDistance: 5,\r\n\t\tautoplayDirection: 'normal',\r\n\t\ttouchSwipe: true,\r\n\t\tfullScreen: true,\r\n\t});\r\n});\r\n<\/script>\r\n<style>\r\n\/* Layout 3 *\/\r\n\/* border *\/\r\n#slider-pro-3-12105 .sp-selected-thumbnail {\r\n\tborder: 4px solid #000000;\r\n}\r\n\r\n\/* font + color *\/\r\n.title-in  {\r\n\tfont-family: Arial !important;\r\n\tcolor: #FFFFFF !important;\r\n\tbackground-color: #000000 !important;\r\n\topacity: 0.7 !important;\r\n}\r\n.desc-in  {\r\n\tfont-family: Arial !important;\r\n\tcolor: #FFFFFF !important;\r\n\tbackground-color: #00000 !important;\r\n\topacity: 0.7 !important;\r\n}\r\n\r\n\/* bullets color *\/\r\n.sp-button  {\r\n\tborder: 2px solid #000000 !important;\r\n}\r\n.sp-selected-button  {\r\n\tbackground-color: #000000 !important;\r\n}\r\n\r\n\/* pointer color - bottom *\/\r\n.sp-selected-thumbnail::before {\r\n\tborder-bottom: 5px solid #000000 !important;\r\n}\r\n.sp-selected-thumbnail::after {\r\n\tborder-bottom: 13px solid #000000 !important;\r\n}\r\n\r\n\/* pointer color - top *\/\r\n\r\n\/* full screen icon *\/\r\n.sp-full-screen-button::before {\r\n    color: #FFFFFF !important;\r\n}\r\n\r\n\/* hover navigation icon color *\/\r\n.sp-next-arrow::after, .sp-next-arrow::before {\r\n\tbackground-color: #FFFFFF !important;\r\n}\r\n.sp-previous-arrow::after, .sp-previous-arrow::before {\r\n\tbackground-color: #FFFFFF !important;\r\n}\r\n\r\n#slider-pro-3-12105 .title-in {\r\n\tcolor: #FFFFFF !important;\r\n\tfont-weight: bolder;\r\n\ttext-align: center;\r\n}\r\n\r\n#slider-pro-3-12105 .title-in-bg {\r\n\tbackground: rgba(255, 255, 255, 0.7); !important;\r\n\twhite-space: unset !important;\r\n\tmax-width: 90%;\r\n\tmin-width: 40%;\r\n\ttransform: initial !important;\r\n\t-webkit-transform: initial !important;\r\n\tfont-size: 14px !important;\r\n}\r\n\r\n#slider-pro-3-12105 .desc-in {\r\n\tcolor: #FFFFFF !important;\r\n\ttext-align: center;\r\n}\r\n#slider-pro-3-12105 .desc-in-bg {\r\n\tbackground: rgba(#00000, 0.7) !important;\r\n\twhite-space: unset !important;\r\n\twidth: 80% !important;\r\n\tmin-width: 30%;\r\n\ttransform: initial !important;\r\n\t-webkit-transform: initial !important;\r\n\tfont-size: 13px !important;\r\n}\r\n\r\n@media (max-width: 640px) {\r\n\t#slider-pro-3-12105 .hide-small-screen {\r\n\t\tdisplay: none;\r\n\t}\r\n}\r\n\r\n@media (max-width: 860px) {\r\n\t#slider-pro-3-12105 .sp-layer {\r\n\t\tfont-size: 18px;\r\n\t}\r\n\t\r\n\t#slider-pro-3-12105 .hide-medium-screen {\r\n\t\tdisplay: none;\r\n\t}\r\n}\r\n.slides-not-found {\r\n\tbackground-color: #a92929;\r\n\tborder-radius: 5px;\r\n\tcolor: #fff;\r\n\tfont-family: initial;\r\n\ttext-align: center;\r\n\tpadding:12px;\r\n}\r\n\/* Custom CSS *\/\r\n<\/style>\r\n\t\t<div id=\"slider-pro-3-12105\" class=\"slider-pro\">\r\n\t\t\t<!---- slides div start ---->\r\n\t\t\t<div class=\"sp-slides\">\r\n\t\t\t\t\t\t\t\t\t\t<div class=\"sp-slide\">\r\n\t\t\t\t\t\t\t<img class=\"sp-image\" alt=\"Castlefinn_TownBackground_COCO\" src=\"https:\/\/countydonegalfrs.ie\/castlefinnfrs\/wp-content\/plugins\/ultimate-responsive-image-slider\/assets\/css\/images\/blank.gif\" data-src=\"https:\/\/countydonegalfrs.ie\/castlefinnfrs\/wp-content\/uploads\/2020\/09\/Castlefinn_TownBackground_COCO.jpg\" \/>\r\n\r\n\t\t\t\t\t\t\t\r\n\t\t\t\t\t\t\t\t\t\t\t\t\t<\/div>\r\n\t\t\t\t\t\t\t\t\t\t\t\t<div class=\"sp-slide\">\r\n\t\t\t\t\t\t\t<img class=\"sp-image\" alt=\"Castlefinn_River_COCO\" src=\"https:\/\/countydonegalfrs.ie\/castlefinnfrs\/wp-content\/plugins\/ultimate-responsive-image-slider\/assets\/css\/images\/blank.gif\" data-src=\"https:\/\/countydonegalfrs.ie\/castlefinnfrs\/wp-content\/uploads\/2020\/09\/Castlefinn_River_COCO.jpg\" \/>\r\n\r\n\t\t\t\t\t\t\t\r\n\t\t\t\t\t\t\t\t\t\t\t\t\t<\/div>\r\n\t\t\t\t\t\t\t\t\t\t\t\t<div class=\"sp-slide\">\r\n\t\t\t\t\t\t\t<img class=\"sp-image\" alt=\"Castlefinn_Risk_COCO\" src=\"https:\/\/countydonegalfrs.ie\/castlefinnfrs\/wp-content\/plugins\/ultimate-responsive-image-slider\/assets\/css\/images\/blank.gif\" data-src=\"https:\/\/countydonegalfrs.ie\/castlefinnfrs\/wp-content\/uploads\/2020\/09\/Castlefinn_Risk_COCO.jpg\" \/>\r\n\r\n\t\t\t\t\t\t\t\r\n\t\t\t\t\t\t\t\t\t\t\t\t\t<\/div>\r\n\t\t\t\t\t\t\t\t\t<\/div>\r\n\t\t\t\r\n\t\t\t<!---- slides div end ---->\r\n\t\t\t\t\t\t<!-- slides thumbnails div end -->\r\n\t\t<\/div>\r\n<\/p><h2 style=\"text-align: left;\" role=\"textbox\" contenteditable=\"true\" aria-multiline=\"true\" aria-label=\"Write heading\u2026\">\u00a0<\/h2><p><a href=\"https:\/\/countydonegalfrs.ie\/castlefinnfrs\/wp-content\/uploads\/2020\/10\/Castlefinn_Diagram_Updated-scaled.jpg\">\u00a0<\/a><\/p><p>Is baile margaidh \u00e9 Caisle\u00e1n na Finne at\u00e1 i nGleann na Finne i nD\u00fan na Gall thoir. T\u00e1 l\u00e1r an bhaile lastuas den bhruach taobh \u00f3 thuaidh den Fhinn ar an bhpr\u00edomhbh\u00f3thar n\u00e1isi\u00fanta N15 idir Leifear agus Bealach F\u00e9ich &#8211; Srath an Url\u00e1ir. Is fo-abhainn mh\u00f3r \u00ed an Fhinn de chuid an Fheabhail, Limist\u00e9ar faoi Chaomhn\u00fa Speisialta (SAC) agus t\u00e1 s\u00e9 ainmnithe mar \u00e1it chosanta don bhrad\u00e1n. T\u00e1 tuilemh\u00e1 ghn\u00edomhach ag Abhainn na Finne a shaibhr\u00edonn an talamh feirme feadh Ghleanna na Finne. Sreabhann roinnt sruthch\u00farsa\u00ed n\u00edos l\u00fa tr\u00edd an mbaile agus t\u00e9ann said isteach san Fhinn agus \u00ed ar an mbealach go dt\u00ed Leifear, \u00e1it a th\u00e9ann s\u00ed isteach sa Mhorn agus ansin tugtar an Feabhal uirthi.<\/p><p>Mar chuid de Phlean Forbartha N\u00e1isi\u00fanta an Rialtais 2018-2027, t\u00e1 \u20ac1 billi\u00fan geallta le haghaidh bearta faoisimh tuilte a fhorbairt ar fud na h\u00c9ireann. Mar chuid den ghealltanas seo, buna\u00edodh gr\u00fapa sti\u00fartha idir Oifig na nOibreacha Poibl\u00ed agus Comhairle Contae Dh\u00fan na nGall chun sc\u00e9im faoisimh tuilte a chur chun cinn, rud a mhaol\u00f3idh an baol \u00f3 thuilte i gCaisle\u00e1n na Finne. In I\u00fail 2020, ceapadh RPS mar Shainchomhairleoir\u00ed Innealt\u00f3ireacha agus Timpeallachta chun sc\u00e9im faoisimh tuilte a fhorbairt a bheidh inghlactha Chaisle\u00e1n na Finne go teicni\u00fail, go s\u00f3isialta, go heacnama\u00edoch agus inghlactha \u00f3 thaobh na timpeallachta de.\u00a0<\/p><p><a href=\"https:\/\/countydonegalfrs.ie\/castlefinnfrs\/wp-content\/uploads\/2020\/10\/Castlefinn_Diagram_Updated-scaled.jpg\"><img loading=\"lazy\" class=\" wp-image-12474 aligncenter\" src=\"https:\/\/countydonegalfrs.ie\/castlefinnfrs\/wp-content\/uploads\/2020\/10\/Castlefinn_Diagram_Updated-1024x1024.jpg\" alt=\"\" width=\"650\" height=\"650\" srcset=\"https:\/\/countydonegalfrs.ie\/castlefinnfrs\/wp-content\/uploads\/2020\/10\/Castlefinn_Diagram_Updated-1024x1024.jpg 1024w, https:\/\/countydonegalfrs.ie\/castlefinnfrs\/wp-content\/uploads\/2020\/10\/Castlefinn_Diagram_Updated-150x150@2x.jpg 300w, https:\/\/countydonegalfrs.ie\/castlefinnfrs\/wp-content\/uploads\/2020\/10\/Castlefinn_Diagram_Updated-150x150.jpg 150w, https:\/\/countydonegalfrs.ie\/castlefinnfrs\/wp-content\/uploads\/2020\/10\/Castlefinn_Diagram_Updated-768x768.jpg 768w, https:\/\/countydonegalfrs.ie\/castlefinnfrs\/wp-content\/uploads\/2020\/10\/Castlefinn_Diagram_Updated-768x768@2x.jpg 1536w, https:\/\/countydonegalfrs.ie\/castlefinnfrs\/wp-content\/uploads\/2020\/10\/Castlefinn_Diagram_Updated-1024x1024@2x.jpg 2048w, https:\/\/countydonegalfrs.ie\/castlefinnfrs\/wp-content\/uploads\/2020\/10\/Castlefinn_Diagram_Updated-60x60.jpg 60w, https:\/\/countydonegalfrs.ie\/castlefinnfrs\/wp-content\/uploads\/2020\/10\/Castlefinn_Diagram_Updated-43x43.jpg 43w, https:\/\/countydonegalfrs.ie\/castlefinnfrs\/wp-content\/uploads\/2020\/10\/Castlefinn_Diagram_Updated-400x400@2x.jpg 800w, https:\/\/countydonegalfrs.ie\/castlefinnfrs\/wp-content\/uploads\/2020\/10\/Castlefinn_Diagram_Updated-1260x1260.jpg 1260w, https:\/\/countydonegalfrs.ie\/castlefinnfrs\/wp-content\/uploads\/2020\/10\/Castlefinn_Diagram_Updated-615x615.jpg 615w, https:\/\/countydonegalfrs.ie\/castlefinnfrs\/wp-content\/uploads\/2020\/10\/Castlefinn_Diagram_Updated-400x400.jpg 400w, https:\/\/countydonegalfrs.ie\/castlefinnfrs\/wp-content\/uploads\/2020\/10\/Castlefinn_Diagram_Updated-292x292.jpg 292w, https:\/\/countydonegalfrs.ie\/castlefinnfrs\/wp-content\/uploads\/2020\/10\/Castlefinn_Diagram_Updated-300x300@2x.jpg 600w, https:\/\/countydonegalfrs.ie\/castlefinnfrs\/wp-content\/uploads\/2020\/10\/Castlefinn_Diagram_Updated-60x60@2x.jpg 120w, https:\/\/countydonegalfrs.ie\/castlefinnfrs\/wp-content\/uploads\/2020\/10\/Castlefinn_Diagram_Updated-43x43@2x.jpg 86w, https:\/\/countydonegalfrs.ie\/castlefinnfrs\/wp-content\/uploads\/2020\/10\/Castlefinn_Diagram_Updated-800x800@2x.jpg 1600w, https:\/\/countydonegalfrs.ie\/castlefinnfrs\/wp-content\/uploads\/2020\/10\/Castlefinn_Diagram_Updated-1260x1260@2x.jpg 2520w, https:\/\/countydonegalfrs.ie\/castlefinnfrs\/wp-content\/uploads\/2020\/10\/Castlefinn_Diagram_Updated-615x615@2x.jpg 1230w, https:\/\/countydonegalfrs.ie\/castlefinnfrs\/wp-content\/uploads\/2020\/10\/Castlefinn_Diagram_Updated-292x292@2x.jpg 584w\" sizes=\"(max-width: 650px) 100vw, 650px\" \/><\/a><\/p><p>T\u00e1 stair i gCaisle\u00e1n na Finne maidir le tuilte tromch\u00faiseacha agus is i m\u00ed na Samhna agus na Nollag 2015 a bhi na tuilte suntasacha is deireana\u00ed ann.\u00a0 Bh\u00ed go leor gn\u00f3lachta\u00ed agus r\u00e9admhaoin ch\u00f3naithe faoi uisce, ionad Tionscnamh Comhph\u00e1irt\u00edochta Chaisle\u00e1n na Finne (CPI) san \u00e1ireamh, ar an d\u00e1 \u00f3c\u00e1id sin a bh\u00ed ar c\u00f3imh\u00e9id.<\/p><p>Tharla an d\u00e1 imeacht tuilte in 2015 toisc gur sceith an Fhinn a bruacha agus leathnaigh na tuilte isteach sa bhaile. N\u00ed raibh na fo-aibhneacha \u00e1balta a gcuid uisce a sceitheadh isteach san Fhinn agus d\u2019\u00fas\u00e1id na tuilte na sruthch\u00farsa\u00ed seo chun an baile a thachtadh. Bh\u00ed tionchar ag na c\u00fains\u00ed tuilte ar leibh\u00e9al na Finne ag cumar na Finne agus na Moirne ag Leifear, agus mar thoradh, bh\u00ed leibh\u00e9al ard uisce i nGleann na Finne. San fhorbairt a dh\u00e9anfar ar roghanna faoisimh tuilte, cuirfear san \u00e1ireamh idirghn\u00edomh\u00fa na sruthanna i ngach ceann de na dobharlaigh agus tionchar na dtuilte ar Chaisle\u00e1n na Finne. Agus an Sc\u00e9im \u00e1 forbairt, d\u00e9anfar meas\u00fan\u00fa ar thionchar na dtuilte ar na ceantair m\u00e1guaird &#8211; Cl\u00f3idigh, Leifear agus an Srath B\u00e1n, ar aon dul le riachtanais na Treorach \u00f3n AE maidir le Tuilte.<\/p><p>Chun dul i ngleic le saincheisteanna tuilte go n\u00e1isi\u00fanta, choimisi\u00fanaigh Oifig na nOibreacha Poibl\u00ed (OPW) agus thug s\u00ed chun cr\u00edche, staid\u00e9ir Bainist\u00edochta Riosca i gC\u00e1s Tuilte Dobharcheantair (CFRAM) fud fad na t\u00edre. Tugadh an Staid\u00e9ar CFRAM chun cr\u00edche le taca\u00edoicht \u00f3 Chomhairle Contae Dh\u00fan na nGall. D\u2019aithin toradh amh\u00e1in den staid\u00e9ar go bhfuil baol \u00f3 thuilte i gceantair \u00e1irithe, lena n-\u00e1ir\u00edtear Caisle\u00e1n na Finne mar aon leis an tionchar a bh\u00edonn ag tuilte ar cheantair. D\u2019ullmhaigh an Staid\u00e9ar freisin Pleananna Bainist\u00edochta Riosca i gC\u00e1s Tuilte, a leagann amach na bearta agus na polasaithe at\u00e1 riachtanach chun an bhainist\u00edocht ar bhaol \u00f3 thuilte is inbhuainaithe agus is \u00e9ifeacht\u00fala \u00f3 thaobh costas de a bhaint amach.<\/p><p>Ceapadh RPS chun meas\u00fan\u00fa mionsonraithe innealt\u00f3ireachta ag leibh\u00e9al tionscadail a dh\u00e9anamh do Chaisle\u00e1n na Finne. Sa mheas\u00fan\u00fa aimseofar bearta maolaithe tuilte cu\u00ed agus ullmh\u00f3far l\u00edn\u00edochta\u00ed dearaidh mionsonraithe agus c\u00e1ip\u00e9is\u00ed. Nuair a bheidh siad cr\u00edochnaithe, \u00e9asc\u00f3idh an baili\u00fach\u00e1n saothar seo aighneacht ar iarratas plean\u00e1la de r\u00e9ir an Achta Plean\u00e1la agus Forbartha (2000), na Rialach\u00e1n Plean\u00e1la agus Forbartha (2001) agus \u00e9asc\u00f3idh siad t\u00f3g\u00e1il na sc\u00e9ime ina dhiaidh sin. Mar chuid den phr\u00f3iseas Forbartha Sc\u00e9ime, d\u00e9anfaidh RPS R\u00e1iteas Tionchair Natura agus Meas\u00fanacht Tionchair Timpeallachta, m\u00e1s g\u00e1 faoin reachta\u00edocht \u00e1bhartha.<\/p><p><!-- \/wp:paragraph --><\/p><p><!-- wp:spacer {\"height\":20} --><\/p><div style=\"height: 20px;\" aria-hidden=\"true\">\u00a0<\/div><p><!-- \/wp:spacer --><\/p><p><!-- wp:heading {\"level\":3} --><\/p><h3>Baill an Ghr\u00fapa Sti\u00fartha<\/h3><p><a href=\"https:\/\/countydonegalfrs.ie\/castlefinnfrs\/wp-content\/uploads\/2020\/10\/Baselogos.jpg\"><img loading=\"lazy\" class=\"alignnone size-full wp-image-12485\" src=\"https:\/\/countydonegalfrs.ie\/castlefinnfrs\/wp-content\/uploads\/2020\/10\/Baselogos.jpg\" alt=\"\" width=\"940\" height=\"102\" srcset=\"https:\/\/countydonegalfrs.ie\/castlefinnfrs\/wp-content\/uploads\/2020\/10\/Baselogos.jpg 940w, https:\/\/countydonegalfrs.ie\/castlefinnfrs\/wp-content\/uploads\/2020\/10\/Baselogos-300x33.jpg 300w, https:\/\/countydonegalfrs.ie\/castlefinnfrs\/wp-content\/uploads\/2020\/10\/Baselogos-768x83.jpg 768w, https:\/\/countydonegalfrs.ie\/castlefinnfrs\/wp-content\/uploads\/2020\/10\/Baselogos-400x43@2x.jpg 800w, https:\/\/countydonegalfrs.ie\/castlefinnfrs\/wp-content\/uploads\/2020\/10\/Baselogos-615x67.jpg 615w, https:\/\/countydonegalfrs.ie\/castlefinnfrs\/wp-content\/uploads\/2020\/10\/Baselogos-400x43.jpg 400w, https:\/\/countydonegalfrs.ie\/castlefinnfrs\/wp-content\/uploads\/2020\/10\/Baselogos-292x32.jpg 292w, https:\/\/countydonegalfrs.ie\/castlefinnfrs\/wp-content\/uploads\/2020\/10\/Baselogos-300x33@2x.jpg 600w, https:\/\/countydonegalfrs.ie\/castlefinnfrs\/wp-content\/uploads\/2020\/10\/Baselogos-292x32@2x.jpg 584w\" sizes=\"(max-width: 940px) 100vw, 940px\" \/><\/a><\/p><p><!-- \/wp:heading --><\/p><p><!-- wp:image {\"id\":12350,\"sizeSlug\":\"large\"} --><\/p><figure><\/figure><p><!-- \/wp:image --><\/p><\/div>\n\t\t\t\t<\/div>\n\t\t\t\t<\/div>\n\t\t\t\t\t\t<\/div>\n\t\t\t\t\t<\/div>\n\t\t<\/div>\n\t\t\t\t\t\t\t\t<\/div>\n\t\t\t\t\t<\/div>\n\t\t<\/section>\n\t\t\t\t\t\t<\/div>\n\t\t\t\t\t\t<\/div>\n\t\t\t\t\t<\/div>\n\t\t","protected":false},"excerpt":{"rendered":"","protected":false},"author":6,"featured_media":0,"parent":0,"menu_order":0,"comment_status":"closed","ping_status":"closed","template":"","meta":[],"_links":{"self":[{"href":"https:\/\/countydonegalfrs.ie\/castlefinnfrs\/index.php\/wp-json\/wp\/v2\/pages\/12723"}],"collection":[{"href":"https:\/\/countydonegalfrs.ie\/castlefinnfrs\/index.php\/wp-json\/wp\/v2\/pages"}],"about":[{"href":"https:\/\/countydonegalfrs.ie\/castlefinnfrs\/index.php\/wp-json\/wp\/v2\/types\/page"}],"author":[{"embeddable":true,"href":"https:\/\/countydonegalfrs.ie\/castlefinnfrs\/index.php\/wp-json\/wp\/v2\/users\/6"}],"replies":[{"embeddable":true,"href":"https:\/\/countydonegalfrs.ie\/castlefinnfrs\/index.php\/wp-json\/wp\/v2\/comments?post=12723"}],"version-history":[{"count":4,"href":"https:\/\/countydonegalfrs.ie\/castlefinnfrs\/index.php\/wp-json\/wp\/v2\/pages\/12723\/revisions"}],"predecessor-version":[{"id":12939,"href":"https:\/\/countydonegalfrs.ie\/castlefinnfrs\/index.php\/wp-json\/wp\/v2\/pages\/12723\/revisions\/12939"}],"wp:attachment":[{"href":"https:\/\/countydonegalfrs.ie\/castlefinnfrs\/index.php\/wp-json\/wp\/v2\/media?parent=12723"}],"curies":[{"name":"wp","href":"https:\/\/api.w.org\/{rel}","templated":true}]}}