{"id":12575,"date":"2020-12-04T15:37:32","date_gmt":"2020-12-04T15:37:32","guid":{"rendered":"https:\/\/countydonegalfrs.ie\/glentiesfrs\/?page_id=12575"},"modified":"2020-12-10T09:45:40","modified_gmt":"2020-12-10T09:45:40","slug":"ceisteanna-coitianta","status":"publish","type":"page","link":"https:\/\/countydonegalfrs.ie\/glentiesfrs\/index.php\/ceisteanna-coitianta\/","title":{"rendered":"C\u00e9isteanna Coitianta"},"content":{"rendered":"\t\t<div data-elementor-type=\"wp-page\" data-elementor-id=\"12575\" class=\"elementor elementor-12575\" data-elementor-settings=\"[]\">\n\t\t\t\t\t\t<div class=\"elementor-inner\">\n\t\t\t\t\t\t\t<div class=\"elementor-section-wrap\">\n\t\t\t\t\t\t\t<section class=\"elementor-section elementor-top-section elementor-element elementor-element-128bdb8 elementor-section-boxed elementor-section-height-default elementor-section-height-default\" data-id=\"128bdb8\" data-element_type=\"section\">\n\t\t\t\t\t\t<div class=\"elementor-container elementor-column-gap-default\">\n\t\t\t\t\t\t\t<div class=\"elementor-row\">\n\t\t\t\t\t<div class=\"elementor-column elementor-col-100 elementor-top-column elementor-element elementor-element-d3898ef\" data-id=\"d3898ef\" data-element_type=\"column\">\n\t\t\t<div class=\"elementor-column-wrap elementor-element-populated\">\n\t\t\t\t\t\t\t<div class=\"elementor-widget-wrap\">\n\t\t\t\t\t\t<div class=\"elementor-element elementor-element-bcd490f elementor-widget elementor-widget-text-editor\" data-id=\"bcd490f\" data-element_type=\"widget\" data-widget_type=\"text-editor.default\">\n\t\t\t\t<div class=\"elementor-widget-container\">\n\t\t\t\t\t<div class=\"elementor-text-editor elementor-clearfix\"><p><strong>Conas a cist\u00edodh an sc\u00e9im?<\/strong>\u00a0Is \u00ed an OPW at\u00e1 ag cisti\u00fa na sc\u00e9ime. Mar chuid de Phlean Forbartha N\u00e1isi\u00fanta an Rialtais 2018-2027, t\u00e1 \u20ac1 billi\u00fan geallta le haghaidh bearta faoisimh tuilte a fhorbairt ar fud na h\u00c9ireann.<\/p><p><strong>\u00a0<\/strong><\/p><p><strong>Cad \u00e9 cusp\u00f3ir na sc\u00e9ime?<\/strong>\u00a0Feabhs\u00f3idh an sc\u00e9im caighde\u00e1n na cosanta \u00f3 thuilte do Na Gleannta chun cosaint in aghaidh na D\u00f3ch\u00falachta S\u00e1raithe Bliant\u00fala 1% (1 in 100 bliain) de theagmhas tuilte abhann.<\/p><p><strong>\u00a0<\/strong><\/p><p><strong>C\u00e9n fhad a th\u00f3gfaidh s\u00e9 an sc\u00e9im faoisimh tuilte a chur i bhfeidhm?<\/strong>\u00a0T\u00e1 s\u00e9 sceidealta le bheith cr\u00edochnaithe in 2025. M\u00e1s maithe leat miondeal\u00fa ioml\u00e1n den am sc\u00e1la a fheice\u00e1il, t\u00e9igh go dt\u00ed an rann\u00e1n <a href=\"https:\/\/countydonegalfrs.ie\/glentiesfrs\/index.php\/achar-ama\/\">Achar ama<\/a> ar an su\u00edomh gr\u00e9as\u00e1in.<\/p><p><strong>An ionchorpr\u00f3far dearadh na sc\u00e9ime go stuama laistigh de th\u00edrdhreach\/R\u00edocht Phoibl\u00ed Na Gleannta?<\/strong>\u2013 D\u00e9antar an t-ionchorpr\u00fa sa t\u00edrdhreach at\u00e1 ann a mheas ag gach c\u00e9im den tionscadal. M\u00e1s f\u00e9idir, d\u00e9anfar cla\u00edfoirt f\u00e9ir a ionchorpr\u00fa sa dearadh in ionad strucht\u00fair\u00ed crua cosanta (e.g. balla\u00ed tuilte). D\u00e9anfar an cheist a me\u00e1 an f\u00e9idir an cla\u00edfort iarnr\u00f3id at\u00e1 ann a ionchorpr\u00fa sa sc\u00e9im cosanta tuilte chun go n-\u00edoslaghd\u00f3far na hathruithe a bheidh ann ar an t\u00edrdhreach.<\/p><p><strong>\u00a0<\/strong><\/p><p><strong>An mbeidh m\u00e9ad\u00fa ar an mbaol \u00f3 thuilte in \u00e1iteanna eile de bharr na sc\u00e9ime<\/strong><strong>?<\/strong>\u00a0N\u00ed bheidh. Is rud an-t\u00e1bhachtach \u00e9 seo in\u00e1r ndearadh. D\u00e9anfaimid an tionchar a mheas a d\u2019fh\u00e9adfadh a bheith na ceantair i dtreo bh\u00e9al na habhann feadh na Finne agus an Fheabhail, in ionad d\u00edri\u00fa go d\u00edreach ar na h\u00e1iteanna ina raibh tuilte ann i gCaisle\u00e1n na Finne, chun cinnte a dh\u00e9anamh de nach m\u00e9ad\u00f3idh na hoibreacha a dh\u00e9antar mar chuid den sc\u00e9im seo an baol \u00f3 thuilte in aon \u00e1it eile.<\/p><p><strong>\u00a0<\/strong><\/p><p><strong>An bhfuil g\u00e1 f\u00f3s leis an sc\u00e9im \u00f3s rud \u00e9 go ndearnadh oibreacha cosanta tuilte (clo\u00edfort ar an taobh thoir theas den bhaile) in 2018? <\/strong><\/p><p>N\u00edor thug na hoibreacha a cr\u00edochna\u00edodh in 2018 cosaint do gach r\u00e9admhaoin i gCaisle\u00e1n na Finne at\u00e1 i mbaol \u00f3n teagmhas tuile dearaidh de Dh\u00f3ch\u00falacht S\u00e1raithe Bliant\u00fala 1% (1 in 100 bliain). D\u00e9anfaidh an anail\u00eds h\u00eddreola\u00edoch agus hiodr\u00e1lach nua an staid reatha a mheas maidir le r\u00e9admhaoin at\u00e1 i mbaol agus na bearta a d\u2019fh\u00e9adfadh \u00e9 sin a mhaol\u00fa. Scr\u00fad\u00f3idh an anail\u00eds ar oiri\u00fanacht agus ar \u00e9ifeachtacht na n-oibreacha cr\u00edochnaithe agus m\u00e1 t\u00e1 g\u00e1 le hoibreacha\/bearta breise chun an caighde\u00e1n cosanta at\u00e1 ag teast\u00e1il a shol\u00e1thar thar saolr\u00e9 dearaidh na sc\u00e9ime.<\/p><p><strong>\u00a0<\/strong><\/p><p><strong>An bhfuilimse i mbaol \u00f3 thuilte?<\/strong>\u00a0T\u00e1 l\u00e9arsc\u00e1ileanna tuilte ar shu\u00edomh gr\u00e9as\u00e1in OPW \u00e1it is f\u00e9idir leat na teagmhais thuilte at\u00e1 tuartha do Na Gleannta agus do bhailte eile a fheice\u00e1il, a rinneadh meas\u00fan\u00fa orthu mar chuid den Staid\u00e9ar CFRAM <a href=\"http:\/\/www.floodinfo.ie\/\">http:\/\/www.floodinfo.ie\/<\/a>. T\u00e1 sonra\u00ed ar an su\u00edomh gr\u00e9as\u00e1in seo maidir le teagmhais thuilte a tharla roimhe seo.<\/p><p><strong>Conas a rachaidh s\u00e9 seo i bhfeidhm ar an timpeallacht \u00e1iti\u00fail<\/strong><strong>?<\/strong>\u00a0Tugtar t\u00fas \u00e1ite do shaincheisteanna timpeallachta maidir le forbairt Sc\u00e9ime Faoisimh Tuilte Na Gleannta, agus t\u00e1 sainchomhairleoir\u00ed timpeallachta (RPS) ina mbaill th\u00e1bhachtacha den ghr\u00fapa sti\u00fartha tionscadail. M\u00e1s maith leat \u00e1r Staid\u00e9ar Timpeallachta ioml\u00e1n a fheice\u00e1il, clice\u00e1il <a href=\"https:\/\/countydonegalfrs.ie\/castlefinnfrs\/index.php\/environmental-assessment\/\">Anseo<\/a>.<\/p><p><strong>Conas is f\u00e9idir liom tuilleadh a fh\u00e1il amach faoin staid\u00e9ar?<\/strong>\u00a0 Beidh an s\u00edomh gr\u00e9as\u00e1in seo \u00e1 nuashonr\u00fa leis an <a href=\"https:\/\/countydonegalfrs.ie\/glentiesfrs\/index.php\/nuacht\/\">Nuacht<\/a>\u00a0is deireana\u00ed agus le sonra\u00ed maidir le himeachta\u00ed Comhairli\u00fach\u00e1in Phoibl\u00ed at\u00e1 le teacht. Is f\u00e9idir leat an leathanach \u2018D\u00e9an Teagmh\u00e1il linn\u2019 a \u00fas\u00e1id freisin chun ceist a chur n\u00f3 chun aiseolas a shol\u00e1thar n\u00f3 chun cl\u00e1r\u00fa ionas go bhfaighidh t\u00fa nuashonr\u00fa tr\u00ed r\u00edomhphost.<\/p><p><strong>\u00a0<\/strong><\/p><p><strong>C\u00e9 at\u00e1 ann chun cabhair a thabhairt? <\/strong>Cuireann an OPW comhairle ar f\u00e1il do dhaoine a bhfuil a r\u00e9admhaoin agus a ngn\u00f3lachta\u00ed i mbaol \u00f3 thuilte. Le haghaidh tuilleadh eolais, agus chun cabhr\u00fa leat ullmh\u00fa, clice\u00e1il anseo (nasc go dt\u00ed \u00a0<a href=\"https:\/\/www.opw.ie\/en\/floodriskmanagement\/\">https:\/\/www.opw.ie\/en\/floodriskmanagement\/<\/a>)<\/p><\/div>\n\t\t\t\t<\/div>\n\t\t\t\t<\/div>\n\t\t\t\t\t\t<\/div>\n\t\t\t\t\t<\/div>\n\t\t<\/div>\n\t\t\t\t\t\t\t\t<\/div>\n\t\t\t\t\t<\/div>\n\t\t<\/section>\n\t\t\t\t\t\t<\/div>\n\t\t\t\t\t\t<\/div>\n\t\t\t\t\t<\/div>\n\t\t","protected":false},"excerpt":{"rendered":"<p>Conas a cist\u00edodh an sc\u00e9im?\u00a0Is \u00ed an OPW at\u00e1 ag cisti\u00fa na sc\u00e9ime. Mar chuid de Phlean Forbartha N\u00e1isi\u00fanta an Rialtais 2018-2027, t\u00e1 \u20ac1 billi\u00fan geallta le haghaidh bearta faoisimh tuilte a fhorbairt ar fud na h\u00c9ireann. \u00a0 Cad \u00e9 cusp\u00f3ir na sc\u00e9ime?\u00a0Feabhs\u00f3idh an sc\u00e9im caighde\u00e1n na cosanta \u00f3 thuilte do Na Gleannta chun cosaint&#8230;<\/p>\n","protected":false},"author":6,"featured_media":0,"parent":0,"menu_order":0,"comment_status":"closed","ping_status":"closed","template":"","meta":[],"_links":{"self":[{"href":"https:\/\/countydonegalfrs.ie\/glentiesfrs\/index.php\/wp-json\/wp\/v2\/pages\/12575"}],"collection":[{"href":"https:\/\/countydonegalfrs.ie\/glentiesfrs\/index.php\/wp-json\/wp\/v2\/pages"}],"about":[{"href":"https:\/\/countydonegalfrs.ie\/glentiesfrs\/index.php\/wp-json\/wp\/v2\/types\/page"}],"author":[{"embeddable":true,"href":"https:\/\/countydonegalfrs.ie\/glentiesfrs\/index.php\/wp-json\/wp\/v2\/users\/6"}],"replies":[{"embeddable":true,"href":"https:\/\/countydonegalfrs.ie\/glentiesfrs\/index.php\/wp-json\/wp\/v2\/comments?post=12575"}],"version-history":[{"count":4,"href":"https:\/\/countydonegalfrs.ie\/glentiesfrs\/index.php\/wp-json\/wp\/v2\/pages\/12575\/revisions"}],"predecessor-version":[{"id":12605,"href":"https:\/\/countydonegalfrs.ie\/glentiesfrs\/index.php\/wp-json\/wp\/v2\/pages\/12575\/revisions\/12605"}],"wp:attachment":[{"href":"https:\/\/countydonegalfrs.ie\/glentiesfrs\/index.php\/wp-json\/wp\/v2\/media?parent=12575"}],"curies":[{"name":"wp","href":"https:\/\/api.w.org\/{rel}","templated":true}]}}